{"id":5491,"date":"2024-07-16T08:58:41","date_gmt":"2024-07-16T08:58:41","guid":{"rendered":"https:\/\/estila.org\/residencia\/wp-content\/uploads\/2024\/07\/20240321-Jornadas-de-Periodismo-01RECORTADA.jpg"},"modified":"2024-07-16T09:31:31","modified_gmt":"2024-07-16T09:31:31","slug":"20240321-jornadas-de-periodismo-01recortada","status":"inherit","type":"attachment","link":"https:\/\/estila.org\/residencia\/20240321-jornadas-de-periodismo-01recortada\/","title":{"rendered":"20240321 Jornadas de Periodismo 01RECORTADA"},"author":7,"featured_media":0,"comment_status":"closed","ping_status":"closed","template":"","meta":[],"class_list":["post-5491","attachment","type-attachment","status-inherit","hentry","infinite-scroll-item"],"aioseo_notices":[],"description":{"rendered":"<p class=\"attachment\"><a href='https:\/\/estila.org\/residencia\/wp-content\/uploads\/2024\/07\/20240321-Jornadas-de-Periodismo-01RECORTADA.jpg'><img fetchpriority=\"high\" decoding=\"async\" width=\"300\" height=\"207\" src=\"https:\/\/estila.org\/residencia\/wp-content\/uploads\/2024\/07\/20240321-Jornadas-de-Periodismo-01RECORTADA-300x207.jpg\" class=\"attachment-medium size-medium\" alt=\"\" srcset=\"https:\/\/estila.org\/residencia\/wp-content\/uploads\/2024\/07\/20240321-Jornadas-de-Periodismo-01RECORTADA-300x207.jpg 300w, https:\/\/estila.org\/residencia\/wp-content\/uploads\/2024\/07\/20240321-Jornadas-de-Periodismo-01RECORTADA-1024x707.jpg 1024w, https:\/\/estila.org\/residencia\/wp-content\/uploads\/2024\/07\/20240321-Jornadas-de-Periodismo-01RECORTADA-768x530.jpg 768w, https:\/\/estila.org\/residencia\/wp-content\/uploads\/2024\/07\/20240321-Jornadas-de-Periodismo-01RECORTADA.jpg 1068w\" sizes=\"(max-width: 300px) 100vw, 300px\" title=\"20240321 Jornadas de Periodismo 01RECORTADA Residencia Universitaria en Santiago de Compostela y Colegio Mayor\" \/><\/a><\/p>\n"},"caption":{"rendered":"<p>Juan Cape\u00e1ns Garrido, jefe de gabinete de la Conseller\u00eda de Econom\u00eda; Xos\u00e9 V\u00e1zquez Gago, de La Voz de Galicia; Mar\u00eda M\u00e9ndez, presidenta de la APG; Raquel Tejero de El Debate; y Abraham Coco Barajas, jefe de prensa de la Conseller\u00eda de Cultura.<\/p>\n"},"alt_text":"","media_type":"image","mime_type":"image\/jpeg","media_details":{"width":1068,"height":737,"file":"2024\/07\/20240321-Jornadas-de-Periodismo-01RECORTADA.jpg","filesize":240207,"sizes":{"medium":{"file":"20240321-Jornadas-de-Periodismo-01RECORTADA-300x207.jpg","width":300,"height":207,"filesize":15740,"mime_type":"image\/jpeg","source_url":"https:\/\/estila.org\/residencia\/wp-content\/uploads\/2024\/07\/20240321-Jornadas-de-Periodismo-01RECORTADA-300x207.jpg"},"large":{"file":"20240321-Jornadas-de-Periodismo-01RECORTADA-1024x707.jpg","width":1024,"height":707,"filesize":111922,"mime_type":"image\/jpeg","source_url":"https:\/\/estila.org\/residencia\/wp-content\/uploads\/2024\/07\/20240321-Jornadas-de-Periodismo-01RECORTADA-1024x707.jpg"},"thumbnail":{"file":"20240321-Jornadas-de-Periodismo-01RECORTADA-150x150.jpg","width":150,"height":150,"filesize":7030,"mime_type":"image\/jpeg","source_url":"https:\/\/estila.org\/residencia\/wp-content\/uploads\/2024\/07\/20240321-Jornadas-de-Periodismo-01RECORTADA-150x150.jpg"},"medium_large":{"file":"20240321-Jornadas-de-Periodismo-01RECORTADA-768x530.jpg","width":768,"height":530,"filesize":71808,"mime_type":"image\/jpeg","source_url":"https:\/\/estila.org\/residencia\/wp-content\/uploads\/2024\/07\/20240321-Jornadas-de-Periodismo-01RECORTADA-768x530.jpg"},"full":{"file":"20240321-Jornadas-de-Periodismo-01RECORTADA.jpg","width":1068,"height":737,"mime_type":"image\/jpeg","source_url":"https:\/\/estila.org\/residencia\/wp-content\/uploads\/2024\/07\/20240321-Jornadas-de-Periodismo-01RECORTADA.jpg"}},"image_meta":{"aperture":"0","credit":"","camera":"","caption":"","created_timestamp":"0","copyright":"","focal_length":"0","iso":"0","shutter_speed":"0","title":"","orientation":"1","keywords":[]}},"post":null,"source_url":"https:\/\/estila.org\/residencia\/wp-content\/uploads\/2024\/07\/20240321-Jornadas-de-Periodismo-01RECORTADA.jpg","_links":{"self":[{"href":"https:\/\/estila.org\/residencia\/wp-json\/wp\/v2\/media\/5491","targetHints":{"allow":["GET"]}}],"collection":[{"href":"https:\/\/estila.org\/residencia\/wp-json\/wp\/v2\/media"}],"about":[{"href":"https:\/\/estila.org\/residencia\/wp-json\/wp\/v2\/types\/attachment"}],"author":[{"embeddable":true,"href":"https:\/\/estila.org\/residencia\/wp-json\/wp\/v2\/users\/7"}],"replies":[{"embeddable":true,"href":"https:\/\/estila.org\/residencia\/wp-json\/wp\/v2\/comments?post=5491"}]}}

<p>Juan Capeáns Garrido, jefe de gabinete de la Consellería de Economía; Xosé Vázquez Gago, de La Voz de Galicia; María Méndez, presidenta de la APG; Raquel Tejero de El Debate; y Abraham Coco Barajas, jefe de prensa de la Consellería de Cultura.</p>
